e value of -26 - -33 - (29 + 0)?
-22
Evaluate -1 - (1 - 2) - -1 - (-273 + 264).
10
What is (-72 - -64) + (-1 - -5) + -26?
-30
What is (-14 - (-16 - 10)) + 6 + 1 + 1?
20
Evaluate -1 + (4 - -1) + (-22 - -57).
39
Evaluate 31 - (43 + -2 + 27).
-37
What is (1 - 0) + 5 + -186 + 166?
-14
-36 - (-4 + -31 + 13)
-14
(16 - (0 - -1)) + -347 + 351
19
(12 - 1) + 34 - 36
9
What is 14 + (8 - (-8 - -3) - -2)?
29
-18 + -31 + 41 - 6
-14
Calculate 2 - 0 - -15 - (-4 - 16 - -21).
16
What is -24 - (-1 + (12 - 7) - -10)?
-38
-1 + 3 - (-6 + -4 + (13 - 5))
4
10 - (6 - -3) - -10 - 13
-2
-2 - (-17 + 5) - -4
14
What is the value of 1 - 1 - (-43 - (-11 - 6)) - -9?
35
What is 14 + -29 + 43 + -15?
13
What is 63 + -79 + (13 - 0)?
-3
Evaluate -5 + -2 - (7 + 0).
-14
Calculate (-7 + (-6 - -5) - 3) + -6.
-17
Calculate 10 + -11 - (-5 + -14).
18
What is the value of (3 + 4 + (4 - 15) - -3) + -7?
-8
What is the value of -20 + -7 - -20 - 18?
-25
Calculate -2 + (28 - 0) - -2 - (40 - 41).
29
What is 32 - (75 + -25) - -51?
33
What is 11 + -16 + 5 + (4 - 4) + 5?
5
Calculate -11 - (-3 + 17 - 17).
-8
What is the value of 6 + 0 - (100 + -84) - (2 - 10)?
-2
What is (-7 - 0) + -281 + 287?
-1
-12 - (2 - (-12 - -20)) - (-3 - 1)
-2
Calculate 41 + (-34 - 12) - -21.
16
1 + -10 - ((-5 - -6) + 4)
-14
Calculate 4 + 7 + -3 - (8 + 2 + -8).
6
What is the value of -5 + -1 + (-4 + 13 - -7)?
10
What is (30 - 20) + (0 - 6)?
4
Calculate 1 + 40 + 0 - (1564 - 1551).
28
What is 7 - 1 - (36 - 20 - 22)?
12
What is 2 + (3 - 10) + 164 + -139?
20
What is the value of -7 + (-13 - (2 - 19))?
-3
Calculate 5 + (-10 - -2) + 3 + -7 - -1.
-6
What is the value of (28 - -5) + 7 - 21?
19
What is the value of 5 - (11 + 0 - (-11 - -22 - 6))?
-1
Evaluate 1 + (-3 - -4) + -77 + 78.
3
Calculate 8 - 0 - (1 + 4 + -2).
5
Calculate -1 - (-2 + -2 + (-8 - -7)).
4
What is (-16 + 7 - -4) + -3?
-8
Evaluate (1 - (-14 + 6) - 0) + -4.
5
Evaluate (-3 - ((5 - 15) + -5 + 8)) + -8.
-4
What is (21 - -7) + -33 - (1 - 10) - 3?
1
What is the value of 6 + -19 - (-77 + 68)?
-4
-7 + -3 - -18 - 10
-2
Evaluate (19 - 67) + 36 + 14.
2
Calculate -14 + (-18 + 17 - -22) + -7.
0
Calculate -7 + 4 + 6 - (-2 - (1 + 0)).
6
Evaluate -13 - (0 - -35 - 30).
-18
What is the value of 2 + -9 + (9 - (-1 - -10)) - -1?
-6
Calculate -7 + 1 - (7 + 3 + 0).
-16
What is -10 - (-18 + (11 - -5))?
-8
What is -11 + (-1 - 9 - -18)?
-3
Calculate 41 - 6 - 37 - (-2 + 15).
-15
Calculate 17 + -40 + -2 + 7 + -2.
-20
Evaluate 21 + (17 - 13) + -16.
9
Calculate 9 + (9 - 13) + -2 + (8 - 10).
1
What is (-17 - -19) + -19 + -23?
-40
What is 3 + -17 + -4 + (-2 - (7 - 16))?
-11
(18 - (-20 - -57)) + 11
-8
Calculate 1 + 1 - (-1 - (-5 - -8)).
6
-98 - -117 - (11 - 2) - -5
15
What is 5 + (18 + -7 - 5) - 24?
-13
What is the value of 15 + -11 + (-2 - -2) + -22?
-18
Evaluate (12 - (9 - 4) - (5 - -5)) + -17.
-20
Calculate 2 - (13 - 14 - (1 + -26 - 0)).
-22
Evaluate (-1 - 3) + (13 - 20) + -2.
-13
What is 1 + -3 - (4 + -7 + 5 + -3)?
-1
Evaluate -9 + (-6 - (-3 + (-4 - 7))) + 1.
0
Calculate -29 - ((-3 - (-9 + 12)) + 2).
-25
-5 - (4 + -19 + (9 + -14 - -5))
10
-3 + 11 + -2 - (14 - 11)
3
Calculate -145 + 147 - ((-11 - -2) + 1).
10
4709 + -4709 + (26 - (1 - 2))
27
Calculate (2 - 2) + (2 + -8 - (-34 - -31)).
-3
What is (-20 - -27) + -8 + 7?
6
Calculate 3871 + -3866 + 1 + 1 + (-7 - -3).
3
Evaluate 21 + -4 + -4 + -16.
-3
What is the value of -55 + -2 + 24 + 22?
-11
Calculate 1028 - 1036 - (1 + (0 - 12)).
3
What is the value of (23 - 27) + (-6 + 9 - 5)?
-6
Calculate ((7 - -14) + -14 - 10) + (-2 - 6).
-11
What is -13 - ((17 - 40) + 9)?
1
-2 + -1 + (76 - 68)
5
What is -14 + 5 + (6 + -1 - -3) - -6?
5
What is 32 - (-24 + 33 + (-2 - -7))?
18
Evaluate 9 - (12 + (9 - 9)) - 3.
-6
Evaluate -10 + -8 + 33 + 2.
17
What is (-1 + 0 - 0) + (13 - (5 - -10))?
-3
What is -8 - (-1 + 1 - (-2 + 7)) - -9?
6
What is the value of (10 - (-1 - (5 - 17))) + -4?
-5
What is (2 - 9) + (4 - 0) - 1?
-4
Evaluate 41 - (35 + -19 + -4).
29
What is -54 - -39 - (1 + -21)?
5
14 + (15 - 17) + (2 - (1 + 8))
5
What is the value of (-6 - -2) + -4 + (18 - 5)?
5
Evaluate (-7 + -7 - 2) + 28 + -31.
-19
-11 + (-12 - (-14 + -22) - 16)
-3
11 - -10 - 7 - (1 + -3 + 2)
14
2 + 1 - (229 - 235)
9
What is (-45 - 10) + 49 - (0 - -3)?
-9
Evaluate -8 + 0 + (1 - 1) + (50 - 50).
-8
What is (31 - (36 + -15 + -9)) + (1 - 12)?
8
Calculate 47 + -42 + -1 + 2.
6
What is (1 - 10 - -19) + (-2 - -4)?
12
-2 + -1 + 0 + (-4 - (18 - 21))
-4
(129 - 133) + (2 - (-1 - -9))
-10
What is -375 + 364 + (0 - 8)?
-19
Evaluate -20 + -7 + 8 + 22.
3
What is the value of 19 + -10 - (-6 + 22)?
-7
What is -2 + 3 + (1 - -4) + 0 + 2?
8
What is the value of -25 + 21 + -11 + 18 - (0 + -5)?
8
What is the value of -15 + -7 + -4 + 19?
-7
Evaluate (-2 - -17) + -6 - (10 + (-7 - -3)).
3
What is the value of -49 - (10 + (17 - 33) - 8)?
-35
What is -37 + (5 - -16) + 8 - (1 + -31)?
22
-3 + 6 + -331 + 335
7
Calculate 8 - 10 - (-3 + 6) - -18.
13
Evaluate 5 - (-6 - (15 - (-10 - -7))).
29
What is the value of 14 + (-6 - 0) - (-86 - -73)?
21
Calculate (9 - 0) + -20 + (30 - 14) - -8.
13
Evaluate 6 - (-7 - (16 - 16)).
13
What is the value of 5 - (25 + (1 - (-6 + 10)) + -1)?
-16
What is the value of -17 + (-22 + 9 - -42)?
12
3 + -8 + 14 + 1 - 9
1
Calculate 13 + 1 + (-1595 - -1592).
11
What is the value of (11 + (-21 - -4) - -9) + 3 + -13?
-7
Calculate 0 + (4 - 17) - -19 - -23.
29
What is -6 - ((-4 - -11) + (-10 - -13))?
-16
Evaluate (-1 - 2) + -6 - 9.
-18
What is the value of -16 + (-7 - 5) + (4 - -18) - -32?
26
What is -14 + 2 - -1 - (176 + -179)?
-8
Evaluate 23 - (-10 - -28) - (24 + (-1 - 1)).
-17
What is -3 + -1 + -51 + 42 + 30?
17
Calculate -8 + -1 + 1 + -1.
-9
What is (-67 - -13) + 19 - -20?
-15
Evaluate 4 + (2 - 1) + 4 + 3 + -13.
-1
What is 4 - (-4 + (0 - -4) + 4)?
0
(14 - 6) + 2 + -8 + 3 + -3
2
Evaluate 20 + 40 + -27 + -8.
25
What is the value of 20 - (44 + -24 - 4)?
4
Calculate 24 - 15 - -4 - 23.
-10
Evaluate (1 - 2 - 10) + 33 + -10 + 16.
28
-18 - (0 + -2 + (6 - (1 - -4)))
-17
What is the value of 9 - ((8 - (9 - 10)) + -6)?
6
Calculate (19 - (-1 - -15) - 18) + 21.
8
What is -8 - (2 + (-2 - (-3 - 4 - -4)))?
-11
Evaluate -8 + (0 - (-14 + 12)).
-6
What is the value of -8 + 1 + (-2 - (8 + -16))?
-1
(11 - 79) + 32 + (2 - -8)
-26
What is 0 + -7 - (-25 + 12 - (4 + 4))?
14
(1 - -6) + (15 - 13 - 9)
0
0 + -26 + 50 + -40
-16
2 + -5 + -7 + (-2 - -9) - -4
1
4 - 1 - (-10 + -14 + 36)
-9
What is the value of -11 - (-5 - -7) - -19?
6
Calculate 52 + -55 - (5 - (-7 + 33)).
18
Calculate -3 + -13 + (9 - -8).
1
-13 - (11 + -7 + 2 + -7)
-12
33 + -22 - ((-1 - 5) + 6)
11
What is -2 + -4 - (1 + 0 + (-7 - 2))?
2
Evaluate (-3 - 1) + (-14 + 3 - (2 - 0)).
-17
Calculate (-17 - -89 - 36) + -54.
-18
What is the value of (4 - 11) + (6 - (-10 + 7 + 16))?
-14
What is -1 + -6 + 24 + -5 + -28?
-16
What is -11 - -13 - -7 - -1?
10
10 + (0 - 2) - 3 - (70 + -59)
-6
What is the value of 14 + -22 + (-31 - -68)?
29
Evaluate -64 + 22 - (7 - 3 - 12) - 0.
-34
(13 - -3) + -4 + -3 - 6 - -11
14
-5 + (-1 - 1 - (1 - 6))
-2
Evaluate -6 - -2 - -3 - (11 + -7 + -5).
0
What is -1 + -2 - (6 - 6) - (93 + -88)?
-8
What is (-6 - (-11 - (-5 - 3))) + 4?
1
Evaluate -2 - -6 - ((-15 - -13) + 1 - 17).
22
(6 - 8) + 2 + -18
-18
Calculate 8 + 4 - (-4 - -17 - (-1 + 6)).
4
Evaluate -12 + 67 - 0 - 30.
25
Evaluate 42 + -47 - (-9 + -3).
7
Calculate (4 - 5 - -19) + -24.
-6
Calculate 11 - 4 - (3 - 4) - (24 - 7).
-9
Evaluate 55 + -60 + (4 - 0 - 2).
-3
What is the value of 15 + (-14 - 7) + (-6 - -25) + -5?
8
What is -24 + 35 - (15 - -4)?
-8
What is the value of 18 - (30 + 1) - (-10 - 1)?
-2
Evaluate (0 + -8 + 2 - -12) + -5 + 17.
18
Calculate (-1 - (6 + -2)) + 12 + (-9 - -2).
0
2 - -7 - (20 - -22 - 27) - 4
-10
(-1 - 0) + 4 + 18 + 10
31
Evaluate 22 + 0 + -2 + 52 + -52.
20
Calculate 3 + -34 + 63 + -52.
-20
49 - (-3 - (4 + -12 - 0)) - 6
38
What is 396 - 369 - (6 + (-7 - -4))?
24
8 + 10 + (5 + 9 - 13)
19
Evaluate (217 - 205) + -25 + 0.
-13
17 - (24 + -4 + -16)
13
What is the value of (3 - 1) + 20 - (2 - (-9 + 6))?
17
What is -10 - (6 + -3 + -5 - 6)?
-2
-4 - (-4 - 0 - (2 - 5) - 2)
-1
10 + (2 - 22) - 0
-10
What is 3 + 5 - (7 + (0 - 2) + -1)?
4
What is -67 + 42 - (2 - 12)?
-15
Evaluate (553 - 570) + 4 + -14.
-27
(-5 - -3) + 2 + -8 + 2
-6
What is the value of (-3 - (5 - 28)) + (-3 + -2 - 1)?
14
Evaluate -